 f(-2). Let q(m) = 2*m - 2. Let c be q(2). Suppose c*w - w - 5 = 0. Calculate the highest common divisor of w and r.
1
Suppose 0 = -4*m - 2*b - 0*b + 78, -m - 5*b + 6 = 0. Suppose 3*c + 32 - 95 = 0. Calculate the greatest common factor of m and c.
21
Let a(g) = 3*g**2 - 2*g - 5. Let t be a(4). Suppose x = -x. Let i = x + 7. What is the highest common divisor of t and i?
7
Suppose 5*m = -2*o, -m + 6*m + o = 0. Let p = 27 - m. Suppose -3*t - 2*x + 58 = 0, -x - 14 = -t + x. Calculate the highest common divisor of t and p.
9
Let r be 3 - 6 - 93/(-1). Calculate the greatest common factor of 225 and r.
45
Let r(y) = y**3 + 7*y**2 + 4*y + 1. Let a be r(-4). Let v(m) = m**3 + 7*m**2 - m + 4. Let n be v(-7). Calculate the highest common divisor of n and a.
11
Let x(k) = -k + 1. Let v be x(-8). Suppose -2*y = -39 - 33. Let q be ((-8)/(-2))/(2/y). What is the greatest common factor of v and q?
9
Let o(n) = -n**3 + 6*n**2 - n. Let u be o(5). Suppose u = a - 14. Calculate the highest common divisor of 17 and a.
17
Let a(t) = 21*t + 10. Let r be a(8). Let d = r - 80. What is the greatest common factor of 14 and d?
14
Suppose -2*k + 74 = -4*s, 0*k - 196 = -4*k - 4*s. Let l = -25 - -55. What is the greatest common factor of l and k?
15
Let v = -150 - -294. Calculate the greatest common factor of v and 18.
18
Suppose -58 = 3*p - 247. Calculate the greatest common divisor of p and 7.
7
Suppose 2*a + 0 = 12. Calculate the highest common factor of a and 2.
2
Let m(f) be the first derivative of f**3/3 - 3*f**2/2 - 6*f - 1. Let x be m(7). Let t be -2 + (-4 - -2)*-67. What is the greatest common factor of t and x?
22
Let i be (1 + -1)*(1 - 2). Let a = i + 4. Suppose 0 = -h + a*l + 6, 5*h = -6*l + 3*l + 53. What is the greatest common divisor of 110 and h?
10
Let x be 1 - ((-36)/3 - 2). What is the highest common divisor of 165 and x?
15
Let p be 1 + 17 - (-1 + 0). Suppose 4*g + 4 - 232 = 0. What is the highest common divisor of p and g?
19
Let c = 77 - 7. Calculate the highest common divisor of c and 28.
14
Let q be (26/4)/(3/30). Let l(k) = 27*k**2 - 2*k + 1. Let s = -3 - -4. Let y be l(s). What is the greatest common factor of y and q?
13
Suppose 2*b - 41 = -4*n - 7, -3*n + 42 = -4*b. Let u(r) = -r**3 - r**2 + 20. Let y be u(0). Calculate the highest common divisor of y and n.
10
Let o = 30 + -19. Suppose o = -3*y + 5*y - 5*u, u = 1. Calculate the highest common factor of y and 88.
8
Let s be (-6)/(-4)*980/30. What is the highest common divisor of s and 7?
7
Let q be ((-220)/(-15))/(4/6). What is the highest common factor of 55 and q?
11
Let j(r) = -r + 10. Let b be 6 - -1 - 0/(-2). Let c be j(b). Let q be (c/(-5))/(2/(-70)). What is the greatest common factor of 14 and q?
7
Suppose -2*j - 3*b = -698, -5*j + 3*b = 6*b - 1754. Let q be j/7 + (-2)/7. What is the highest common factor of q and 20?
10
Suppose -3*k = 4*s - 11, 0 = -0*s - 4*s - 4. Suppose -k*c + 78 = -72. What is the greatest common factor of c and 12?
6
Let r = -19 - -41. What is the highest common factor of 11 and r?
11
Let z(m) = m + 13. Suppose 2*i - 2 = 4. Let k be 8/12 + (-2)/i. Let a be z(k). Calculate the greatest common divisor of a and 26.
13
Let z = 26 - 76. Let n be z/(-4) - 1/(-2). What is the highest common divisor of n and 13?
13
Let p(l) = -l**2 + 6*l + 1. Let j be p(6). Let f = -1 + j. Let z(a) = a + 30. Let o be z(f). Calculate the highest common divisor of o and 6.
6
Let y(g) = 2*g + 5. Let v be 9 - (4 + (-2 - 0)). Let r be y(v). What is the greatest common factor of r and 209?
19
Let d = 50 - 37. Calculate the greatest common divisor of d and 247.
13
Let y(d) = d**2 + 1. Let g be y(-1). Let l be -1*(-11)/(g + -1). Calculate the highest common factor of l and 22.
11
Let d(r) = r**3 - 3*r**2 - 5*r + 6. Let o be d(4). Suppose -o*q - 15 = -5*q. What is the highest common divisor of q and 15?
5
Let u(l) be the first derivative of -2 - 17/2*l**2 + 0*l. Let o be u(-5). Calculate the greatest common divisor of o and 17.
17
Let c be (3*4)/(3/4). What is the greatest common factor of c and 48?
16
Let o(p) = 7*p**2 + 16*p + 54. Let c be o(-4). What is the greatest common divisor of 6 and c?
6
Suppose k - 2 = -0. Suppose -k = m - 5. Suppose u - r = -m*u + 13, 0 = 4*u + r - 19. What is the highest common factor of u and 12?
4
Let l(v) = -3*v - 5. Let d(k) = 2*k + 3. Let a = 4 - 8. Let j(q) = a*l(q) - 7*d(q). Let h be j(-2). What is the highest common factor of 33 and h?
3
Let j(s) = s**3 + 10*s**2 + 8*s + 2. Let g be j(-9). What is the greatest common factor of g and 55?
11
Let i be (-2)/(-9) - (-25)/9. Let k = 5 - i. Suppose 45 = k*f - 39. Calculate the highest common divisor of 21 and f.
21
Let r(d) = d - 6. Let j be r(9). Suppose j*v + 0*p + 5*p = 389, 3*v - 2*p = 382. What is the greatest common factor of 16 and v?
16
Let h(x) = -x**2 - 6*x + 7. Let s be h(-7). Suppose -y - 2*w - 1 = w, -2*y - 2*w + 10 = s. What is the greatest common factor of y and 2?
2
Let i(a) be the third derivative of a**6/120 + a**5/12 - a**4/3 - 7*a**3/6 - 3*a**2. Let j be i(-5). Calculate the greatest common factor of 11 and j.
11
Let j = -4 + 9. Suppose j*u - 87 - 93 = 0. What is the highest common divisor of 18 and u?
18
Let u(q) = q**3 - 6*q**2 - 7*q. Let y be u(7). Let v = y + 2. Calculate the highest common factor of 2 and v.
2
Let v(w) = w**2 - 9*w + 31. Let d be v(16). Calculate the greatest common divisor of 13 and d.
13
Suppose -60 = 2*d - 7*d. Let z(s) = s**2 - 4*s + 3. Let b be z(4). Suppose -3*a - 48 = -b*p, -2*p - 2*a + 8 = -8. What is the highest common factor of d and p?
12
Suppose 2*t = t + 8. Suppose -21*v + 320 = -16*v. Calculate the highest common divisor of t and v.
8
Suppose 3*l - 2*d - 54 = d, -3*d = -2*l + 38. What is the greatest common factor of 16 and l?
16
Suppose 24 = -m - m + 4*t, 3*m + 15 = -t. Let o be m*(0 + (-8)/(-3)). Let b = 52 + o. What is the highest common factor of b and 9?
9
Let p(b) = b**3 + 14*b**2 + 5*b - 14. Let d = 12 - 25. Let x be p(d). Calculate the greatest common divisor of x and 36.
18
Let w = 5 - -16. Let z(i) = -i**2 + 7*i + 11. Let s be z(8). Calculate the highest common divisor of s and w.
3
Let d(n) = -n**2 + 6*n + 4. Let t(l) = l**2 - 3*l + 2. Let w be t(4). Let b be d(w). Calculate the highest common factor of 6 and b.
2
Suppose -p - 2 = -0. Let y be ((-16)/10)/(p/15). Calculate the highest common divisor of 36 and y.
12
Let z be 32/20 - 4/(-10). Let c = 29 + -13. Let a be ((-1)/z)/((-1)/c). What is the greatest common factor of a and 1?
1
Suppose 5*w - 4*f = 0, 3*w + 2*f + 3*f = 0. Suppose w = -4*u + 5*l + 45, -u + 6*u - 84 = -3*l. Calculate the highest common factor of 6 and u.
3
Suppose -4*d + 2*k = -1006, 0*d = -2*d + 4*k + 500. Suppose -5*f + d = -f. Let r = -2 - -11. What is the greatest common factor of r and f?
9
Suppose -6*q = -2*q - 20. Let f = 88 + 126. Suppose 4*m + 3*d = f, -3*d - 2 = 4. Calculate the greatest common factor of m and q.
5
Let k = 81 - 26. What is the greatest common factor of k and 5?
5
Suppose z = -2*z + 30. Let o(v) = v**3 - 10*v**2 + 6*v + 10. Let c be o(10). Calculate the highest common factor of c and z.
10
Suppose -97 = -7*h + 134. What is the greatest common factor of 3 and h?
3
Let u = 5 - 0. Suppose 2*g = 46 + 24. What is the greatest common divisor of u and g?
5
Suppose -t = -3*i - 5*t + 34, -i + 18 = -2*t. Let c be 4/i - 290/(-14). Let d = c - -34. Calculate the highest common factor of 5 and d.
5
Let j = 21 - 13. Let l(p) = -j*p + 2 + 3*p - 7. Let b be l(-4). What is the greatest common factor of b and 5?
5
Let d = -8 + 11. Let f be 9 + (-6)/(d - 0). Let p be (-4)/22 + (-618)/(-11). What is the highest common divisor of f and p?
7
Suppose 0*k + 3*g = k + 2, 3*g - 4 = -k. Let h be 1/(-3) + (-70)/(-3). Let y = h + k. What is the highest common divisor of y and 16?
8
Let c = -65 - -96. Suppose -5*n + 3*j + 171 = 0, 4*n - j + c = 172. What is the highest common factor of n and 4?
4
Let k = 3 + 5. Let m = k - 6. Suppose 5 = m*y - 15. Calculate the highest common factor of y and 20.
10
Suppose -5*w - 11 = 4, -4*o + 2*w = -582. What is the greatest common divisor of 18 and o?
18
Let r be (-117)/9*(0 - 1). What is the highest common divisor of r and 65?
13
Let o be ((-4)/(-12))/(1/3). Let s(a) = -3*a - 4. Let d be s(-4). W